{"id":1861,"date":"2017-08-08T11:04:08","date_gmt":"2017-08-08T11:04:08","guid":{"rendered":"http:\/\/cgbengenharia.com.br\/?page_id=1861"},"modified":"2021-08-03T20:18:51","modified_gmt":"2021-08-03T20:18:51","slug":"ouvidoria","status":"publish","type":"page","link":"https:\/\/www.cgbengenharia.com.br\/index.php\/fale-conosco\/ouvidoria\/","title":{"rendered":"Ouvidoria"},"content":{"rendered":"<p>[vc_row][vc_column width=&#8221;1\/2&#8243;][vc_column_text][\/vc_column_text]<div role=\"form\" class=\"wpcf7\" id=\"wpcf7-f1860-o1\" lang=\"en-US\" dir=\"ltr\">\n<div class=\"screen-reader-response\"><p role=\"status\" aria-live=\"polite\" aria-atomic=\"true\"><\/p> <ul><\/ul><\/div>\n<form action=\"\/index.php\/wp-json\/wp\/v2\/pages\/1861#wpcf7-f1860-o1\" method=\"post\" class=\"wpcf7-form init\" enctype=\"multipart\/form-data\" novalidate=\"novalidate\" data-status=\"init\">\n<div style=\"display: none;\">\n<input type=\"hidden\" name=\"_wpcf7\" value=\"1860\" \/>\n<input type=\"hidden\" name=\"_wpcf7_version\" value=\"5.6.3\" \/>\n<input type=\"hidden\" name=\"_wpcf7_locale\" value=\"en_US\" \/>\n<input type=\"hidden\" name=\"_wpcf7_unit_tag\" value=\"wpcf7-f1860-o1\" \/>\n<input type=\"hidden\" name=\"_wpcf7_container_post\" value=\"0\" \/>\n<input type=\"hidden\" name=\"_wpcf7_posted_data_hash\" value=\"\" \/>\n<input type=\"hidden\" name=\"_wpcf7cf_hidden_group_fields\" value=\"[]\" \/>\n<input type=\"hidden\" name=\"_wpcf7cf_hidden_groups\" value=\"[]\" \/>\n<input type=\"hidden\" name=\"_wpcf7cf_visible_groups\" value=\"[]\" \/>\n<input type=\"hidden\" name=\"_wpcf7cf_repeaters\" value=\"[]\" \/>\n<input type=\"hidden\" name=\"_wpcf7cf_steps\" value=\"{}\" \/>\n<input type=\"hidden\" name=\"_wpcf7cf_options\" value=\"{&quot;form_id&quot;:1860,&quot;conditions&quot;:[],&quot;settings&quot;:{&quot;animation&quot;:&quot;yes&quot;,&quot;animation_intime&quot;:200,&quot;animation_outtime&quot;:200,&quot;conditions_ui&quot;:&quot;normal&quot;,&quot;notice_dismissed&quot;:false,&quot;notice_dismissed_update-cf7-5.8.5&quot;:true}}\" \/>\n<\/div>\n<p><label> Assunto (obrigat\u00f3rio)<br \/>\n    <span class=\"wpcf7-form-control-wrap\" data-name=\"your-name2\"><input type=\"text\" name=\"your-name2\" value=\"\" size=\"40\" class=\"wpcf7-form-control wpcf7-text wpcf7-validates-as-required\" aria-required=\"true\" aria-invalid=\"false\" placeholder=\"Assunto\" \/><\/span> <\/label><br \/>\n<label> Localidade (obrigat\u00f3rio)<br \/>\n    <span class=\"wpcf7-form-control-wrap\" data-name=\"frmlocalidade\"><input type=\"text\" name=\"frmlocalidade\" value=\"\" size=\"40\" class=\"wpcf7-form-control wpcf7-text wpcf7-validates-as-required\" aria-required=\"true\" aria-invalid=\"false\" placeholder=\"Localidade\" \/><\/span> <\/label><br \/>\n<label> Sua mensagem<br \/>\n    <span class=\"wpcf7-form-control-wrap\" data-name=\"your-message\"><textarea name=\"your-message\" cols=\"40\" rows=\"10\" class=\"wpcf7-form-control wpcf7-textarea\" aria-invalid=\"false\" placeholder=\"Sua mensagem\"><\/textarea><\/span><\/label><br \/>\n<span class=\"wpcf7-form-control-wrap\" data-name=\"file-673\"><input type=\"file\" name=\"file-673\" size=\"40\" class=\"wpcf7-form-control wpcf7-file\" accept=\".pdf,.txt,.jpg,.jpeg,.docx,.png,.doc\" aria-invalid=\"false\" \/><\/span><\/p>\n<p><input type=\"submit\" value=\"Enviar\" class=\"wpcf7-form-control has-spinner wpcf7-submit\" \/><\/p>\n<div class=\"wpcf7-response-output\" aria-hidden=\"true\"><\/div><\/form><\/div>[\/vc_column][vc_column width=&#8221;1\/2&#8243;][vc_column_text]O Grupo CGB orientado por seus valores e prezando pela integridade do seu sistema organizacional implementou mecanismos de Governan\u00e7a Corporativa e Compliance. Um deles foi a cria\u00e7\u00e3o da Ouvidoria.<\/p>\n<p>A Ouvidoria \u00e9 um canal aberto e seguro para que todos os colaboradores, clientes, prestadores de servi\u00e7os, parceiros, fornecedores e a popula\u00e7\u00e3o em geral possam informar sobre qualquer ato de viola\u00e7\u00e3o \u00e0s leis ou ao C\u00f3digo de Conduta do Grupo CGB cometido por algum membro da empresa. As den\u00fancias s\u00e3o efetuadas mediante o preenchimento dos campos ao lado, n\u00e3o sendo necess\u00e1ria a identifica\u00e7\u00e3o do denunciante. Os mecanismos de Governan\u00e7a Corporativa e Compliance do Grupo CGB garantem o anonimato e vedam qualquer tipo de retalia\u00e7\u00e3o, ao mesmo tempo em que determina imparcial apura\u00e7\u00e3o dos fatos com a adequada e proporcional medida para a resolu\u00e7\u00e3o de eventuais problemas.<\/p>\n<p>A Ouvidoria se apresenta como ferramenta essencial ao Grupo CGB proporcionando o conhecimento e possibilidade de a\u00e7\u00e3o e ajustes na eventualidade de potenciais desvios que possam ocorrer na execu\u00e7\u00e3o das suas atividades.[\/vc_column_text][\/vc_column][\/vc_row]<\/p>\n","protected":false},"excerpt":{"rendered":"<p>[vc_row][vc_column width=&#8221;1\/2&#8243;][vc_column_text][\/vc_column_text][\/vc_column][vc_column width=&#8221;1\/2&#8243;][vc_column_text]O Grupo CGB orientado por seus valores e prezando pela integridade do seu sistema organizacional implementou mecanismos de Governan\u00e7a Corporativa e Compliance. Um deles foi a cria\u00e7\u00e3o da Ouvidoria. A Ouvidoria \u00e9 um canal aberto e seguro para que todos os colaboradores, clientes, prestadores de servi\u00e7os, parceiros, fornecedores e a popula\u00e7\u00e3o em geral&hellip;<\/p>\n","protected":false},"author":4,"featured_media":0,"parent":133,"menu_order":0,"comment_status":"closed","ping_status":"closed","template":"","meta":[],"_links":{"self":[{"href":"https:\/\/www.cgbengenharia.com.br\/index.php\/wp-json\/wp\/v2\/pages\/1861"}],"collection":[{"href":"https:\/\/www.cgbengenharia.com.br\/index.php\/wp-json\/wp\/v2\/pages"}],"about":[{"href":"https:\/\/www.cgbengenharia.com.br\/index.php\/wp-json\/wp\/v2\/types\/page"}],"author":[{"embeddable":true,"href":"https:\/\/www.cgbengenharia.com.br\/index.php\/wp-json\/wp\/v2\/users\/4"}],"replies":[{"embeddable":true,"href":"https:\/\/www.cgbengenharia.com.br\/index.php\/wp-json\/wp\/v2\/comments?post=1861"}],"version-history":[{"count":4,"href":"https:\/\/www.cgbengenharia.com.br\/index.php\/wp-json\/wp\/v2\/pages\/1861\/revisions"}],"predecessor-version":[{"id":1869,"href":"https:\/\/www.cgbengenharia.com.br\/index.php\/wp-json\/wp\/v2\/pages\/1861\/revisions\/1869"}],"up":[{"embeddable":true,"href":"https:\/\/www.cgbengenharia.com.br\/index.php\/wp-json\/wp\/v2\/pages\/133"}],"wp:attachment":[{"href":"https:\/\/www.cgbengenharia.com.br\/index.php\/wp-json\/wp\/v2\/media?parent=1861"}],"curies":[{"name":"wp","href":"https:\/\/api.w.org\/{rel}","templated":true}]}}