{"id":77,"date":"2016-04-05T02:51:39","date_gmt":"2016-04-05T02:51:39","guid":{"rendered":"http:\/\/cgbengenharia.com.br\/?page_id=77"},"modified":"2016-04-05T03:26:15","modified_gmt":"2016-04-05T03:26:15","slug":"estrutura","status":"publish","type":"page","link":"https:\/\/www.cgbengenharia.com.br\/index.php\/a-empresa\/estrutura\/","title":{"rendered":"Estrutura"},"content":{"rendered":"<p>[vc_row][vc_column][vc_column_text]<\/p>\n<h2><span style=\"color: #9a1241;\"><strong>F\u00cdSICA<\/strong><\/span><\/h2>\n<p>Sua sede pr\u00f3pria tem \u00e1rea aproximada de 275,75 m\u00b2 e est\u00e1 situada em Petrolina-PE com filiais de apoio nos estados de Pernambuco, Bahia, Maranh\u00e3o e Par\u00e1.<\/p>\n<p>A\u00a0matriz da empresa compreende uma excelente infraestrutura, com amplo e moderno escrit\u00f3rio administrativo, sala de videoconfer\u00eancia, alta tecnologia e departamentos bem setorizados para apoio, suporte e assessoria aos clientes e \u00e0s suas filiais. \u00c9 o norte da empresa e de onde se processam todas as informa\u00e7\u00f5es, decis\u00f5es e diretrizes, sendo de grande import\u00e2ncia para o redirecionamento dos planos estrat\u00e9gicos da CGB, no que se refere \u00e0 qualidade, seguran\u00e7a e credibilidade de seus servi\u00e7os.<\/p>\n<p>&nbsp;<\/p>\n<h2><span style=\"color: #9a1241;\">CAPITAL <strong>INTELECTUAL<\/strong><\/span><\/h2>\n<p>Composta por profissionais capacitados e experientes em sua \u00e1rea de atua\u00e7\u00e3o, a equipe<strong>\u00a0<\/strong>da CGB Engenharia \u00e9 focada nos resultados, atualizada, comprometida com a qualidade e respons\u00e1vel pelo bom servi\u00e7o prestado aos seus clientes.<\/p>\n<p>A responsabilidade pela gest\u00e3o organizacional e participa\u00e7\u00e3o ativa junto aos gestores de obras e contratos no planejamento, gerenciamento, execu\u00e7\u00e3o e acompanhamento das atividades desenvolvidas fica a cargo das Diretorias Administrativa, Comercial e T\u00e9cnico Operacional.<\/p>\n<div id=\"page\" class=\"hfeed site\">\n<div id=\"main\" class=\"site-main\">\n<div id=\"scrollbar1\" class=\"content-area\">\n<div class=\"viewport\">\n<div class=\"overview\">\n<article id=\"post-108\" class=\"post-108 page type-page status-publish hentry\">\n<div class=\"entry-content\">\n<p>Administradores e coordenadores executivo, administrativo, financeiro, cont\u00e1bil, de qualidade, de suprimentos, de frota, de pessoal e de tecnologia da informa\u00e7\u00e3o coordenam as atividades gerenciais da empresa, envolvendo todos os contratos, obras e \u00e1reas administrativas, ficando com o seu Departamento Jur\u00eddico a responsabilidade da assessoria e consultoria legal.<\/p>\n<p>Engenheiros civis, el\u00e9tricos, mec\u00e2nicos e agr\u00f4nomos constituem a \u00e1rea t\u00e9cnica da institui\u00e7\u00e3o que \u00e9 complementada por t\u00e9cnicos das \u00e1reas afins, analistas, assistentes, secret\u00e1rias, recepcionistas, auxiliares, motoristas, leituristas, atendentes, eletricistas, estagi\u00e1rios, jovens aprendizes e toda a equipe necess\u00e1ria para a manuten\u00e7\u00e3o do ambiente din\u00e2mico e competitivo da CGB.<\/p>\n<\/div>\n<\/article>\n<\/div>\n<\/div>\n<\/div>\n<\/div>\n<\/div>\n<p>[\/vc_column_text][\/vc_column][\/vc_row]<\/p>\n","protected":false},"excerpt":{"rendered":"<p>[vc_row][vc_column][vc_column_text] F\u00cdSICA Sua sede pr\u00f3pria tem \u00e1rea aproximada de 275,75 m\u00b2 e est\u00e1 situada em Petrolina-PE com filiais de apoio nos estados de Pernambuco, Bahia, Maranh\u00e3o e Par\u00e1. A\u00a0matriz da empresa compreende uma excelente infraestrutura, com amplo e moderno escrit\u00f3rio administrativo, sala de videoconfer\u00eancia, alta tecnologia e departamentos bem setorizados para apoio, suporte e assessoria&hellip;<\/p>\n","protected":false},"author":1,"featured_media":0,"parent":73,"menu_order":0,"comment_status":"closed","ping_status":"closed","template":"","meta":[],"_links":{"self":[{"href":"https:\/\/www.cgbengenharia.com.br\/index.php\/wp-json\/wp\/v2\/pages\/77"}],"collection":[{"href":"https:\/\/www.cgbengenharia.com.br\/index.php\/wp-json\/wp\/v2\/pages"}],"about":[{"href":"https:\/\/www.cgbengenharia.com.br\/index.php\/wp-json\/wp\/v2\/types\/page"}],"author":[{"embeddable":true,"href":"https:\/\/www.cgbengenharia.com.br\/index.php\/wp-json\/wp\/v2\/users\/1"}],"replies":[{"embeddable":true,"href":"https:\/\/www.cgbengenharia.com.br\/index.php\/wp-json\/wp\/v2\/comments?post=77"}],"version-history":[{"count":7,"href":"https:\/\/www.cgbengenharia.com.br\/index.php\/wp-json\/wp\/v2\/pages\/77\/revisions"}],"predecessor-version":[{"id":91,"href":"https:\/\/www.cgbengenharia.com.br\/index.php\/wp-json\/wp\/v2\/pages\/77\/revisions\/91"}],"up":[{"embeddable":true,"href":"https:\/\/www.cgbengenharia.com.br\/index.php\/wp-json\/wp\/v2\/pages\/73"}],"wp:attachment":[{"href":"https:\/\/www.cgbengenharia.com.br\/index.php\/wp-json\/wp\/v2\/media?parent=77"}],"curies":[{"name":"wp","href":"https:\/\/api.w.org\/{rel}","templated":true}]}}